{"id":1336,"date":"2025-06-19T16:21:08","date_gmt":"2025-06-19T15:21:08","guid":{"rendered":"https:\/\/exelfil.com\/ecosystem\/logistica\/"},"modified":"2025-12-22T13:00:20","modified_gmt":"2025-12-22T12:00:20","slug":"logistica","status":"publish","type":"ecosystem","link":"https:\/\/exelfil.com\/pt-pt\/ecosystem\/logistica\/","title":{"rendered":"Log\u00edstica"},"content":{"rendered":"\n<div class=\"wp-block-group is-layout-constrained wp-block-group-is-layout-constrained\">\n<div class=\"wp-block-cover\" style=\"min-height:100vh;aspect-ratio:unset;\"><img loading=\"lazy\" decoding=\"async\" width=\"1920\" height=\"1280\" class=\"wp-block-cover__image-background wp-image-498 size-large\" alt=\"\" src=\"https:\/\/exelfil.com\/wp-content\/uploads\/2025\/06\/REA8604_1_bw-1920x1280.jpg\" data-object-fit=\"cover\" srcset=\"https:\/\/exelfil.com\/wp-content\/uploads\/2025\/06\/REA8604_1_bw-1920x1280.jpg 1920w, https:\/\/exelfil.com\/wp-content\/uploads\/2025\/06\/REA8604_1_bw-1280x853.jpg 1280w\" sizes=\"auto, (max-width: 1920px) 100vw, 1920px\" \/><span aria-hidden=\"true\" class=\"wp-block-cover__background has-black-background-color has-background-dim-70 has-background-dim\"><\/span><div class=\"wp-block-cover__inner-container is-layout-constrained wp-block-cover-is-layout-constrained\">\n<h2 class=\"wp-block-heading has-text-align-center has-white-color has-text-color has-link-color has-large-font-size wp-elements-1\">Log\u00edstica<\/h2>\n\n\n\n<p class=\"has-text-align-center has-white-color has-text-color has-link-color has-medium-font-size wp-elements-2 wp-block-paragraph\">Na Exel Fil, preparamos cada envio para que o arame chegue em perfeitas condi\u00e7\u00f5es, seja por transporte <strong>terrestre, mar\u00edtimo ou intermodal<\/strong>. Adaptamos a forma de carga de acordo com o tipo de bobina, o destino e o trajeto que deve realizar. <\/p>\n<\/div><\/div>\n<\/div>\n\n<div style=\"height:100px\" aria-hidden=\"true\" class=\"wp-block-spacer\"><\/div>\n\n<div class=\"wp-block-group is-layout-constrained wp-block-group-is-layout-constrained\">\n<h2 class=\"wp-block-heading has-text-align-center has-white-color has-text-color has-link-color has-x-large-font-size wp-elements-3\">Formas de carga<\/h2>\n\n\n\n<div style=\"height:32px\" aria-hidden=\"true\" class=\"wp-block-spacer\"><\/div>\n<\/div>\n\n<div class=\"wp-block-columns hidden is-layout-flex wp-container-core-columns-is-layout-6b17277d wp-block-columns-is-layout-flex wp-gap-custom wp-gap-large\">\n<div class=\"wp-block-column is-layout-flow wp-block-column-is-layout-flow\">\n<p class=\"has-white-color has-text-color has-link-color has-large-font-size wp-elements-4 wp-block-paragraph\"><strong>Carga agrupada e segura<\/strong><\/p>\n\n\n\n<p class=\"has-gray-color has-text-color has-link-color has-large-font-size wp-elements-5 wp-block-paragraph\">Al\u00e9m disso, estamos a trabalhar na certifica\u00e7\u00e3o BCorp, que refor\u00e7a o nosso compromisso com pr\u00e1ticas comerciais respons\u00e1veis e sustent\u00e1veis.<\/p>\n<\/div>\n\n\n\n<div class=\"wp-block-column is-layout-flow wp-block-column-is-layout-flow\">\n<p class=\"has-white-color has-text-color has-link-color has-large-font-size wp-elements-6 wp-block-paragraph\"><strong><strong>Carga compacta de grandes bobinas<\/strong><\/strong><\/p>\n\n\n\n<p class=\"has-gray-color has-text-color has-link-color has-large-font-size wp-elements-7 wp-block-paragraph\">Quando o material \u00e9 enviado em formato de grande volume, \u00e9 posicionado de maneira compacta e fixa para garantir equil\u00edbrio e evitar deslocamentos.<\/p>\n<\/div>\n\n\n\n<div class=\"wp-block-column is-layout-flow wp-block-column-is-layout-flow\">\n<p class=\"has-white-color has-text-color has-link-color has-large-font-size wp-elements-8 wp-block-paragraph\"><strong><strong>Carga protegida para contentor mar\u00edtimo<\/strong><\/strong><\/p>\n\n\n\n<p class=\"has-gray-color has-text-color has-link-color has-large-font-size wp-elements-9 wp-block-paragraph\">Em envios internacionais, prepara-se o interior do contentor com prote\u00e7\u00f5es e refor\u00e7os que garantem que as bobinas cheguem intactas, sem deforma\u00e7\u00f5es nem danos.<\/p>\n<\/div>\n\n\n\n<div class=\"wp-block-column is-layout-flow wp-block-column-is-layout-flow\">\n<p class=\"has-white-color has-text-color has-link-color has-large-font-size wp-elements-10 wp-block-paragraph\"><strong><strong>Carga otimizada para transporte intermodal<\/strong><\/strong><\/p>\n\n\n\n<p class=\"has-gray-color has-text-color has-link-color has-large-font-size wp-elements-11 wp-block-paragraph\">Prepara-se a mercadoria para que possa mudar de cami\u00e3o para comboio ou barco sem necessidade de a manipular, mantendo a estabilidade e seguran\u00e7a da carga em todo o trajeto.<\/p>\n<\/div>\n<\/div>\n\n<div class=\"wp-block-columns is-layout-flex wp-container-core-columns-is-layout-6b17277d wp-block-columns-is-layout-flex wp-gap-custom wp-gap-large\">\n<div class=\"wp-block-column is-layout-flow wp-block-column-is-layout-flow\">\n<p class=\"has-white-color has-text-color has-link-color has-large-font-size wp-elements-12 wp-block-paragraph\"><strong><strong>Cargas Terrestres<\/strong><br\/><\/strong><\/p>\n\n\n\n<p class=\"has-gray-color has-text-color has-link-color has-large-font-size wp-elements-13 wp-block-paragraph\">Oferecemos um servi\u00e7o de transporte terrestre r\u00e1pido e flex\u00edvel com carga direta em cami\u00e3o e gest\u00e3o integral do envio.<br\/>A nossa equipa especializada garante rastreabilidade, seguran\u00e7a e cumprimento de prazos, adaptando-se \u00e0s necessidades log\u00edsticas de cada cliente.<br\/><\/p>\n<\/div>\n\n\n\n<div class=\"wp-block-column is-layout-flow wp-block-column-is-layout-flow\">\n<p class=\"has-white-color has-text-color has-link-color has-large-font-size wp-elements-14 wp-block-paragraph\"><strong><strong><strong>Cargas Mar\u00edtimas<\/strong><br\/><\/strong><\/strong><\/p>\n\n\n\n<p class=\"has-gray-color has-text-color has-link-color has-large-font-size wp-elements-15 wp-block-paragraph\">Servi\u00e7o de transporte mar\u00edtimo para exporta\u00e7\u00f5es internacionais.<br\/>Realizamos o carregamento em contentores de 20\u2019 e gerimos envios FCL, adaptando-nos \u00e0s necessidades de cada opera\u00e7\u00e3o.<\/p>\n\n\n\n<p class=\"has-gray-color has-text-color has-link-color has-large-font-size wp-elements-16 wp-block-paragraph\"><br\/><\/p>\n<\/div>\n\n\n\n<div class=\"wp-block-column is-layout-flow wp-block-column-is-layout-flow\">\n<p class=\"has-white-color has-text-color has-link-color has-large-font-size wp-elements-17 wp-block-paragraph\"><strong><strong><strong>Cargas Intermodais<\/strong><br\/><\/strong><\/strong><\/p>\n\n\n\n<p class=\"has-gray-color has-text-color has-link-color has-large-font-size wp-elements-18 wp-block-paragraph\">Solu\u00e7\u00e3o de transporte intermodal que combina estrada e ferrovia para envios de longa dist\u00e2ncia.<br\/>Os contentores s\u00e3o manipulados minimamente, melhorando a fiabilidade do transporte e reduzindo o impacto ambiental.<br\/><\/p>\n<\/div>\n<\/div>\n\n<div style=\"height:100px\" aria-hidden=\"true\" class=\"wp-block-spacer\"><\/div>\n\n<p class=\"wp-block-paragraph\"><\/p>\n","protected":false},"featured_media":670,"menu_order":0,"template":"","meta":{"_acf_changed":false},"class_list":["post-1336","ecosystem","type-ecosystem","status-publish","has-post-thumbnail","hentry"],"acf":[],"_links":{"self":[{"href":"https:\/\/exelfil.com\/pt-pt\/wp-json\/wp\/v2\/ecosystem\/1336","targetHints":{"allow":["GET"]}}],"collection":[{"href":"https:\/\/exelfil.com\/pt-pt\/wp-json\/wp\/v2\/ecosystem"}],"about":[{"href":"https:\/\/exelfil.com\/pt-pt\/wp-json\/wp\/v2\/types\/ecosystem"}],"wp:featuredmedia":[{"embeddable":true,"href":"https:\/\/exelfil.com\/pt-pt\/wp-json\/wp\/v2\/media\/670"}],"wp:attachment":[{"href":"https:\/\/exelfil.com\/pt-pt\/wp-json\/wp\/v2\/media?parent=1336"}],"curies":[{"name":"wp","href":"https:\/\/api.w.org\/{rel}","templated":true}]}}

Logística

<div class="wp-block-group is-layout-constrained wp-block-group-is-layout-constrained">
<div class="wp-block-cover" style="min-height:100vh;aspect-ratio:unset;"><img loading="lazy" decoding="async" width="1920" height="1280" class="wp-block-cover__image-background wp-image-498 size-large" alt="" src="https://exelfil.com/wp-content/uploads/2025/06/REA8604_1_bw-1920x1280.jpg" data-object-fit="cover" srcset="https://exelfil.com/wp-content/uploads/2025/06/REA8604_1_bw-1920x1280.jpg 1920w, https://exelfil.com/wp-content/uploads/2025/06/REA8604_1_bw-1280x853.jpg 1280w" sizes="auto, (max-width: 1920px) 100vw, 1920px" /><span aria-hidden="true" class="wp-block-cover__background has-black-background-color has-background-dim-70 has-background-dim"></span><div class="wp-block-cover__inner-container is-layout-constrained wp-block-cover-is-layout-constrained">
<h2 class="wp-block-heading has-text-align-center has-white-color has-text-color has-link-color has-large-font-size wp-elements-1">Logística</h2>



<p class="has-text-align-center has-white-color has-text-color has-link-color has-medium-font-size wp-elements-2 wp-block-paragraph">Na Exel Fil, preparamos cada envio para que o arame chegue em perfeitas condições, seja por transporte <strong>terrestre, marítimo ou intermodal</strong>. Adaptamos a forma de carga de acordo com o tipo de bobina, o destino e o trajeto que deve realizar. </p>
</div></div>
</div>

<div style="height:100px" aria-hidden="true" class="wp-block-spacer"></div>

<div class="wp-block-group is-layout-constrained wp-block-group-is-layout-constrained">
<h2 class="wp-block-heading has-text-align-center has-white-color has-text-color has-link-color has-x-large-font-size wp-elements-3">Formas de carga</h2>



<div style="height:32px" aria-hidden="true" class="wp-block-spacer"></div>
</div>

<div class="wp-block-columns hidden is-layout-flex wp-container-core-columns-is-layout-6b17277d wp-block-columns-is-layout-flex wp-gap-custom wp-gap-large">
<div class="wp-block-column is-layout-flow wp-block-column-is-layout-flow">
<p class="has-white-color has-text-color has-link-color has-large-font-size wp-elements-4 wp-block-paragraph"><strong>Carga agrupada e segura</strong></p>



<p class="has-gray-color has-text-color has-link-color has-large-font-size wp-elements-5 wp-block-paragraph">Além disso, estamos a trabalhar na certificação BCorp, que reforça o nosso compromisso com práticas comerciais responsáveis e sustentáveis.</p>
</div>



<div class="wp-block-column is-layout-flow wp-block-column-is-layout-flow">
<p class="has-white-color has-text-color has-link-color has-large-font-size wp-elements-6 wp-block-paragraph"><strong><strong>Carga compacta de grandes bobinas</strong></strong></p>



<p class="has-gray-color has-text-color has-link-color has-large-font-size wp-elements-7 wp-block-paragraph">Quando o material é enviado em formato de grande volume, é posicionado de maneira compacta e fixa para garantir equilíbrio e evitar deslocamentos.</p>
</div>



<div class="wp-block-column is-layout-flow wp-block-column-is-layout-flow">
<p class="has-white-color has-text-color has-link-color has-large-font-size wp-elements-8 wp-block-paragraph"><strong><strong>Carga protegida para contentor marítimo</strong></strong></p>



<p class="has-gray-color has-text-color has-link-color has-large-font-size wp-elements-9 wp-block-paragraph">Em envios internacionais, prepara-se o interior do contentor com proteções e reforços que garantem que as bobinas cheguem intactas, sem deformações nem danos.</p>
</div>



<div class="wp-block-column is-layout-flow wp-block-column-is-layout-flow">
<p class="has-white-color has-text-color has-link-color has-large-font-size wp-elements-10 wp-block-paragraph"><strong><strong>Carga otimizada para transporte intermodal</strong></strong></p>



<p class="has-gray-color has-text-color has-link-color has-large-font-size wp-elements-11 wp-block-paragraph">Prepara-se a mercadoria para que possa mudar de camião para comboio ou barco sem necessidade de a manipular, mantendo a estabilidade e segurança da carga em todo o trajeto.</p>
</div>
</div>

<div class="wp-block-columns is-layout-flex wp-container-core-columns-is-layout-6b17277d wp-block-columns-is-layout-flex wp-gap-custom wp-gap-large">
<div class="wp-block-column is-layout-flow wp-block-column-is-layout-flow">
<p class="has-white-color has-text-color has-link-color has-large-font-size wp-elements-12 wp-block-paragraph"><strong><strong>Cargas Terrestres</strong><br/></strong></p>



<p class="has-gray-color has-text-color has-link-color has-large-font-size wp-elements-13 wp-block-paragraph">Oferecemos um serviço de transporte terrestre rápido e flexível com carga direta em camião e gestão integral do envio.<br/>A nossa equipa especializada garante rastreabilidade, segurança e cumprimento de prazos, adaptando-se às necessidades logísticas de cada cliente.<br/></p>
</div>



<div class="wp-block-column is-layout-flow wp-block-column-is-layout-flow">
<p class="has-white-color has-text-color has-link-color has-large-font-size wp-elements-14 wp-block-paragraph"><strong><strong><strong>Cargas Marítimas</strong><br/></strong></strong></p>



<p class="has-gray-color has-text-color has-link-color has-large-font-size wp-elements-15 wp-block-paragraph">Serviço de transporte marítimo para exportações internacionais.<br/>Realizamos o carregamento em contentores de 20’ e gerimos envios FCL, adaptando-nos às necessidades de cada operação.</p>



<p class="has-gray-color has-text-color has-link-color has-large-font-size wp-elements-16 wp-block-paragraph"><br/></p>
</div>



<div class="wp-block-column is-layout-flow wp-block-column-is-layout-flow">
<p class="has-white-color has-text-color has-link-color has-large-font-size wp-elements-17 wp-block-paragraph"><strong><strong><strong>Cargas Intermodais</strong><br/></strong></strong></p>



<p class="has-gray-color has-text-color has-link-color has-large-font-size wp-elements-18 wp-block-paragraph">Solução de transporte intermodal que combina estrada e ferrovia para envios de longa distância.<br/>Os contentores são manipulados minimamente, melhorando a fiabilidade do transporte e reduzindo o impacto ambiental.<br/></p>
</div>
</div>

<div style="height:100px" aria-hidden="true" class="wp-block-spacer"></div>

<p class="wp-block-paragraph"></p>
